
What is the tens digit of 141523?
2
What is the tens digit of 4337634?
3
What is the hundred thousands digit of 4121491?
1
What is the thousands digit of 130843?
0
What is the thousands digit of 180695?
0
What is the hundreds digit of 40148?
1
What is the units digit of 276208?
8
What is the hundreds digit of 4642828?
8
What is the units digit of 351875?
5
What is the hundreds digit of 1811340?
3
What is the units digit of 544621?
1
What is the hundreds digit of 13487?
4
What is the hundreds digit of 4189233?
2
What is the hundred thousands digit of 33056434?
0
What is the units digit of 789424?
4
What is the hundreds digit of 16089177?
1
What is the ten thousands digit of 175536?
7
What is the hundred thousands digit of 12264118?
2
What is the units digit of 1135327?
7
What is the thousands digit of 30762392?
2
What is the hundred thousands digit of 38793351?
7
What is the units digit of 1542925?
5
What is the hundreds digit of 8509?
5
What is the units digit of 34814?
4
What is the units digit of 845959?
9
What is the ten thousands digit of 493736?
9
What is the tens digit of 857228?
2
What is the millions digit of 7866338?
7
What is the hundred thousands digit of 367583?
3
What is the hundred thousands digit of 1715519?
7
What is the thousands digit of 49418?
9
What is the hundred thousands digit of 19264852?
2
What is the units digit of 202821?
1
What is the hundred thousands digit of 21553979?
5
What is the hundreds digit of 331703?
7
What is the hundreds digit of 248158?
1
What is the units digit of 67584?
4
What is the millions digit of 3143550?
3
What is the tens digit of 11670517?
1
What is the hundred thousands digit of 2627476?
6
What is the thousands digit of 11367804?
7
What is the hundreds digit of 345446?
4
What is the hundreds digit of 3689566?
5
What is the thousands digit of 447341?
7
What is the ten thousands digit of 15146253?
4
What is the hundreds digit of 3057259?
2
What is the hundreds digit of 1094514?
5
What is the thousands digit of 2806976?
6
What is the ten thousands digit of 105246?
0
What is the thousands digit of 1329720?
9
What is the hundreds digit of 483553?
5
What is the millions digit of 3641951?
3
What is the units digit of 206313?
3
What is the thousands digit of 7454092?
4
What is the hundreds digit of 273187?
1
What is the hundreds digit of 193826?
8
What is the ten thousands digit of 645336?
4
What is the ten thousands digit of 1061303?
6
What is the thousands digit of 18355310?
5
What is the thousands digit of 246467?
6
What is the ten thousands digit of 579197?
7
What is the thousands digit of 1142521?
2
What is the units digit of 166896?
6
What is the units digit of 99317?
7
What is the hundreds digit of 1762004?
0
What is the hundreds digit of 70486?
4
What is the thousands digit of 395140?
5
What is the tens digit of 25975925?
2
What is the hundred thousands digit of 102645?
1
What is the hundred thousands digit of 459194?
4
What is the hundreds digit of 142626?
6
What is the hundreds digit of 22315?
3
What is the hundreds digit of 554228?
2
What is the thousands digit of 3244613?
4
What is the thousands digit of 13850654?
0
What is the ten thousands digit of 15004768?
0
What is the thousands digit of 3901016?
1
What is the millions digit of 9734207?
9
What is the units digit of 352183?
3
What is the millions digit of 3824494?
3
What is the hundreds digit of 28393253?
2
What is the thousands digit of 213589?
3
What is the millions digit of 3956246?
3
What is the hundred thousands digit of 266075?
2
What is the hundreds digit of 387411?
4
What is the ten thousands digit of 7397430?
9
What is the ten thousands digit of 647718?
4
What is the ten thousands digit of 7297343?
9
What is the hundreds digit of 453261?
2
What is the hundreds digit of 659261?
2
What is the hundred thousands digit of 12108369?
1
What is the units digit of 785880?
0
What is the tens digit of 47918?
1
What is the tens digit of 2901?
0
What is the hundred thousands digit of 21756413?
7
What is the hundreds digit of 993078?
0
What is the ten thousands digit of 3149748?
4
What is the tens digit of 313147?
4
What is the units digit of 14181118?
8
What is the hundred thousands digit of 8324221?
3
What is the hundred thousands digit of 1057231?
0
What is the units digit of 577934?
4
What is the hundred thousands digit of 791627?
7
What is the ten thousands digit of 142345?
4
What is the ten thousands digit of 576648?
7
What is the thousands digit of 27037552?
7
What is the ten thousands digit of 122750?
2
What is the units digit of 3040697?
7
What is the tens digit of 22660097?
9
What is the hundred thousands digit of 1208171?
2
What is the hundreds digit of 890282?
2
What is the tens digit of 9607514?
1
What is the tens digit of 416094?
9
What is the thousands digit of 694892?
4
What is the tens digit of 908920?
2
What is the units digit of 253977?
7
What is the hundreds digit of 1402907?
9
What is the ten thousands digit of 4695611?
9
What is the hundred thousands digit of 498226?
4
What is the ten thousands digit of 11171117?
7
What is the tens digit of 220860?
6
What is the ten thousands digit of 807214?
0
What is the hundreds digit of 17249257?
2
What is the thousands digit of 1171509?
1
What is the hundred thousands digit of 1373367?
3
What is the units digit of 250860?
0
What is the hundred thousands digit of 1882170?
8
What is the hundreds digit of 1551226?
2
What is the hundred thousands digit of 4915604?
9
What is the hundred thousands digit of 1082674?
0
What is the units digit of 92179?
9
What is the millions digit of 2867212?
2
What is the units digit of 6208368?
8
What is the thousands digit of 14041034?
1
What is the ten thousands digit of 16419919?
1
What is the ten thousands digit of 549253?
4
What is the tens digit of 54387?
8
What is the millions digit of 2815746?
2
What is the hundred thousands digit of 124104?
1
What is the millions digit of 33705292?
3
What is the hundreds digit of 168937?
9
What is the thousands digit of 2564462?
4
What is the tens digit of 223126?
2
What is the thousands digit of 1385603?
5
What is the hundreds digit of 33475196?
1
What is the units digit of 2909497?
7
What is the millions digit of 41530500?
1
What is the hundred thousands digit of 14200712?
2
What is the ten millions digit of 19767797?
1
What is the tens digit of 542230?
3
What is the tens digit of 3310446?
4
What is the hundreds digit of 817812?
8
What is the hundred thousands digit of 14462761?
4
What is the hundreds digit of 46557?
5
What is the tens digit of 15848006?
0
What is the hundred thousands digit of 777680?
7
What is the units digit of 1414416?
6
What is the ten thousands digit of 325783?
2
What is the units digit of 232912?
2
What is the hundred thousands digit of 15114521?
1
What is the hundreds digit of 2548790?
7
What is the thousands digit of 597432?
7
What is the thousands digit of 193322?
3
What is the millions digit of 23621669?
3
What is the millions digit of 18265217?
8
What is the hundreds digit of 1696395?
3
What is the thousands digit of 131032?
1
What is the units digit of 24575?
5
What is the units digit of 471255?
5
What is the ten thousands digit of 174002?
7
What is the units digit of 11124730?
0
What is the hundred thousands digit of 543121?
5
What is the units digit of 18800675?
5
What is the tens digit of 685269?
6
What is the units digit of 7253512?
2
What is the ten thousands digit of 36085?
3
What is the units digit of 159560?
0
What is the units digit of 92914?
4
What is the ten thousands digit of 393472?
9
What is the thousands digit of 6350453?
0
What is the units digit of 2478870?
0
What is the ten thousands digit of 1549004?
4
What is the tens digit of 3909036?
3
What is the hundreds digit of 558426?
4
What is the thousands digit of 267887?
7
What is the hundred thousands digit of 44906129?
9
What is the millions digit of 26235930?
6
What is the millions digit of 9905609?
9
What is the units digit of 11309115?
5
What is the hundred thousands digit of 6849109?
8
What is the hundreds digit of 3216245?
2
What is the tens digit of 3975581?
8
What is the ten thousands digit of 7212557?
1
What is the millions digit of 5806997?
5
What is the hundred thousands digit of 772260?
7
What is